d - 12. What is the remainder when 34 is divided by g(-2)?
2
Suppose 330 = -22*h + 25*h. Calculate the remainder when h is divided by 14.
12
Let t = 1215 + -1085. Calculate the remainder when t is divided by 38.
16
Suppose 4*i - 3*f = 2*i + 459, 3*i = -4*f + 714. What is the remainder when i is divided by 38?
6
Let s = 598 + -551. Calculate the remainder when 845 is divided by s.
46
Let d = -15 + 74. What is the remainder when d is divided by ((-12)/60 - 43/(-15))*6?
11
Suppose -2 = 3*n - n, -2*h + 4*n + 64 = 0. Let a = h - 24. What is the remainder when 9 is divided by a?
3
Suppose h - 28 = 3*i, 6*h + i - 99 = 2*h. Suppose 0 = 2*a + 3*k - h, -a + 4*k + 51 = 4*a. What is the remainder when 21 is divided by a?
10
Suppose -5*l = 124 - 504. Suppose 0*w = 5*w + 95. Let c = w + 32. Calculate the remainder when l is divided by c.
11
Calculate the remainder when 58 + 1 - (64 + -54) is divided by 4.
1
Let i be (-104)/(-39)*(-3)/(-2). What is the remainder when 19 is divided by 18/i + 3/(-6)?
3
Let o = 294 - 274. Suppose 2*l = -3*l - 450. Let t = -53 - l. What is the remainder when t is divided by o?
17
Let d be 1 + -2 + 3/3. Suppose 11*z - 184 - 443 = d. What is the remainder when z is divided by 15?
12
Let l(c) = -2*c**2 + 5*c + 23. Let r be l(5). Calculate the remainder when 49 is divided by r/8 + (-3)/12*-53.
10
Let k = -880 - -1410. What is the remainder when k is divided by 38?
36
Calculate the remainder when (-27390)/(-297) + (-4)/18 + 4 is divided by (6/(-6))/(2/(-40)).
16
Suppose 0 = 3*o + 4*g - 193, 2*g + 3*g + 157 = 3*o. What is the remainder when o is divided by 62/6*(-13 + 16)?
28
Suppose 32 = 5*j - a - 3*a, 0 = 3*j - 5*a - 14. Suppose 0*l = l - j. What is the remainder when l is divided by 3?
2
Let z = 24 - 14. Suppose 5*h - 16 + 6 = 0. Suppose -2*g + 20 = -2*f, 0*f = -4*g - h*f + z. What is the remainder when 9 is divided by g?
4
Let z = 26 + 8. Suppose z = -5*x - 121. Let t = x - -83. Calculate the remainder when t is divided by 11.
8
Let j(m) = -m**2 + 3*m + 6. Let p be j(4). Let l = 5 - p. What is the remainder when 7 is divided by (-4)/l*(-9)/6?
1
Let r(q) = -72*q - 1. Let n be ((-12)/(-9))/((-8)/(-60)). Let z = 8 + n. Calculate the remainder when r(-1) is divided by z.
17
Suppose -3*j + 3 = -12, j = 3*x - 34. Suppose l - 3*l + 97 = -m, -4*l = -m - 193. Suppose -3*y - l = -5*y. What is the remainder when y is divided by x?
11
What is the remainder when 87 is divided by 2*4/40*155?
25
Suppose -35 - 5 = -5*q. Let x(t) = -2*t - 7. Let i be x(-5). Suppose 4*z - 19 - 19 = -2*k, i*z - 14 = -k. What is the remainder when k is divided by q?
5
Let f(r) = -2*r**3 + 4*r**2 + 6*r + 2. Let j = 37 - -18. Calculate the remainder when j is divided by f(2).
13
Let n = 2 + 22. Let q be 6/(-33) - (35/(-11) + 2). What is the remainder when ((-42)/(-28))/(q/184*6) is divided by n?
22
Suppose -25 = -3*p - n + 5*n, n = 5. Let h = -5 + 8. What is the remainder when (h - 2)*(-1 + 58) is divided by p?
12
Suppose f = -f + 224. Suppose 3*y = -y + f. Let k = 45 - y. Calculate the remainder when 31 is divided by k.
14
Let j = 11 - -15. Let v = 13 - -1. What is the remainder when j is divided by v?
12
Suppose 2*r = 3*r + 4*l - 40, 175 = 5*r - 5*l. Let x(d) = 2 + 3*d - 6 + 2*d**2 - d + 2. Calculate the remainder when r is divided by x(-3).
6
Let u = -64 - -208. Calculate the remainder when u is divided by 37.
33
Let w be 1/(-2) - (-78)/4. Suppose 16 + w = 7*r. Calculate the remainder when 23 is divided by r.
3
Suppose -5*q = -5*b - 25, q - 41 = 4*b + 4*q. What is the remainder when (b/(-6))/(3/108) is divided by 10?
8
Suppose b + 3*l - 62 = -2*l, -2*l = -4*b + 138. Suppose 0*w + 63 = 3*w. Calculate the remainder when b is divided by w.
16
Let l(p) = -3*p**3 - 7*p**2 + 2*p - 1. Calculate the remainder when 64 is divided by l(-3).
9
Suppose -140 = -c - m + 2*m, -15 = -5*m. Let n = c - 86. Suppose 4*j + f = -0*j + n, -3*f = 2*j - 41. Calculate the remainder when j is divided by 5.
3
Let y = -6 + 6. Suppose -4*c - 5*l - 1 = y, 4*l - 1 = -5*c - 0. What is the remainder when 3 is divided by c?
0
Let u(m) = -131 + 39 + 12*m + 41 + 44 - 3*m. Let g(d) = -d**2 + 7*d - 4. Let i be g(6). What is the remainder when 18 is divided by u(i)?
7
Suppose 4564 = 4*s + 3*x, -2*s - 5*x + 2095 + 187 = 0. What is the remainder when 1/(6/(-2) - s/(-378)) is divided by 28?
26
Let z(r) = r**3 - r**2 + 2*r - 5. Let l be z(3). Suppose 2*c + k = l, c - 4*k - k = -18. What is the remainder when 31 is divided by c?
3
Let n be 5 + 0/(-3) + 2. Let k(r) = 3*r - 21. Let m be k(n). Suppose 6 = -3*c - 0, 5*b + 4*c - 47 = m. What is the remainder when b is divided by 7?
4
Suppose -9*i + 12*i + 60 = 5*f, 3*f + 5*i = 36. Let o = -41 + 84. What is the remainder when o is divided by f?
7
Suppose -r = -5*t + 5, 0 = -r - 0*r + 5. Suppose 4*c - c - 45 = -4*p, t*p = 5*c - 49. What is the remainder when 87 is divided by c?
10
Let p(u) = -19*u - 22. What is the remainder when 63 is divided by p(-2)?
15
Let i(n) = 20*n - 3. Let u be 1 + (-12 - (-1 - 0)). What is the remainder when i(2) is divided by 21/(-7) - -5 - (-1 + u)?
11
Let o(u) = 5*u + 11. Let d(l) = 5*l + 12. Let b(w) = 5*d(w) - 6*o(w). What is the remainder when b(-15) is divided by 24?
21
Let a(i) = 6*i - 12. What is the remainder when 54 is divided by a(6)?
6
Let c(a) = 22*a - 99. Calculate the remainder when c(19) is divided by 80.
79
What is the remainder when 16 is divided by 1 + 0 + 16/(96/18)?
0
Let k(j) = -j**3 + 6*j**2 - 9*j + 6. Let i be k(6). Let u = i - -109. What is the remainder when u is divided by 30/(-9)*(-2 - 28/10)?
13
Let f = -84 - -96. What is the remainder when 40 is divided by f?
4
Let r(n) = -2*n - 28. Let k be r(-16). Suppose 86 = 6*j - k*j. Calculate the remainder when j is divided by 15.
13
Let x(l) = -26*l**2 + 12*l + 15*l**2 - 18 + 10*l**2. What is the remainder when 65 is divided by x(7)?
14
Let s(n) = n**2 + 13*n + 2. Let l be s(-14). Let r(b) = -b**3 + 15*b**2 + 20*b + 15. Let t(v) = 6*v + 2. What is the remainder when r(l) is divided by t(3)?
19
Suppose -14*j + 408 = -544. What is the remainder when 308 is divided by j?
36
Let k = 48 - 24. Let l be (0/2)/((-32)/8). Let y(v) = v**3 + 3*v + 46. Calculate the remainder when y(l) is divided by k.
22
Let p(i) = -2*i + 16. Let t be p(-7). Suppose -4*r + r - 18 = -4*o, 5*r = -3*o - t. Calculate the remainder when (-2)/(-3) - 140/r is divided by 5.
4
Suppose 2*f + f + 4 = 2*q, 2*q - 10 = 0. Let m(c) = -17*c + 3. Let l be m(f). Let n = l - -43. What is the remainder when 23 is divided by n?
11
Let v(q) = -16*q + 72. Calculate the remainder when v(-5) is divided by 24.
8
Let r = -28 + 114. Suppose -16 - 71 = -5*b + 2*i, 5*b - r = i. Suppose p = -0*p - m + 69, 4*p - 3*m - 262 = 0. Calculate the remainder when p is divided by b.
16
Suppose -2*v = u - 4, 19 = 5*v - 5*u + 3*u. Suppose 0 = -t - v + 7. Calculate the remainder when 23 is divided by t.
3
Suppose 54*m - 55*m + 135 = 6*l, 5*l - 2*m - 104 = 0. What is the remainder when 495 is divided by l?
11
Let z(t) = t**3 - 3*t**2 + 3*t + 59. Calculate the remainder when z(0) is divided by 34.
25
Let n(o) = -o**2 - 6*o + 6. Suppose 46 = -5*z - g + 12, z + 3*g + 18 = 0. Let w be n(z). What is the remainder when (-91)/(-3) + 4/w is divided by 11?
9
Suppose 0*u + 2*y = 2*u + 88, 2*u + 80 = 4*y. Let f = -81 - -153. Let q = u + f. Calculate the remainder when q is divided by 9.
6
Let f = 91 + -3. Suppose 93 = 4*n - 6*v + 5*v, -f = -4*n - 4*v. What is the remainder when 68 is divided by n?
22
Suppose -2*g = 3*q - 2 - 19, 0 = -3*g - 2*q + 19. Suppose 4*m - 2*t = -1 + 3, 0 = -4*m - g*t + 27. What is the remainder when m is divided by 2?
1
Suppose -1685 = -44*k + 2407. Calculate the remainder when 368 is divided by k.
89
Let q(m) = -38*m - 1. Suppose 37 = 2*x + 5*s + 12, 4*x - 5 = -s. Suppose x = -2*t - 2 + 22. What is the remainder when q(-1) is divided by t?
7
What is the remainder when (-33)/(-44) - 1263/(-12) is divided by (21 - (2 - 1)) + -2?
16
Suppose 4*q - 29 = 3*m, 0 = 2*m + 5*q - 0 + 4. What is the remainder when -1*((1 - 0) + 434/m) is divided by 21?
19
Let h(r) = r - 7. Let z be 4/10 - 165/(-25). Let v be h(z). Let t = v + 7. Calculate the remainder when t is divided by 4.
3
Suppose -148*g + 728 = -135*g. What is the remainder when